{"id":173,"date":"2020-04-07T16:53:57","date_gmt":"2020-04-07T16:53:57","guid":{"rendered":"http:\/\/dxyqq.w4yserver.at\/WP1\/?page_id=173"},"modified":"2025-11-07T16:29:36","modified_gmt":"2025-11-07T16:29:36","slug":"besprechungen","status":"publish","type":"page","link":"https:\/\/www.ressler.at\/de\/besprechungen\/","title":{"rendered":"Auswahl von Texten und Podcasts, die online verf\u00fcgbar sind:"},"content":{"rendered":"\n<p>Patricia Grzonka, <em>Mein Vertrauen ist erschu\u0308ttert<\/em>, <a href=\"https:\/\/www.woz.ch\/2542\/klima-und-demokratie\/mein-vertrauen-ist-erschuettert\/!V3V1DETSRVWM\">WOZ Nr. 42<\/a>, 16.10.2025<br><br>Members: Oliver Ressler im Gespr\u00e4ch mit Luisa Ziaja, <a href=\"https:\/\/secession.at\/en\/podcast_oliver_ressler_luisa_ziaja\">Secession Podcast<\/a>, 14.08.2025<\/p>\n\n\n\n<p><em>Metropolis: Oliver Ressler<\/em>, <a href=\"https:\/\/vimeo.com\/1133063015\">Televisi\u00f3n Espa\u00f1ola<\/a>, January 2025 (deutsche Fassung)<br><br>Oliver Ressler, <em>Ku\u0308nstler*innen und Klimaaktivismus auf einem u\u0308berhitzten Planeten<\/em>, in: <a href=\"https:\/\/www.bmwkms.gv.at\/themen\/kunst-und-kultur\/service-kunst-und-kultur\/publikationen\/kulturpolitische-leitlinien-des-bundes.html\">Fokus Klima<\/a>, Bundesministerium fu\u0308r Kunst, Kultur, \u00f6ffentlichen Dienst und Sport (eds.), 2024<\/p>\n\n\n\n<p>Ameli M. Klein, <em>Die Klimafrage l\u00e4sst sich nur gemeinsam mit der sozialen Frage l\u00f6sen \u2013 Gespr\u00e4ch mit Oliver Ressler<\/em>, in: <a href=\"https:\/\/www.bmwkms.gv.at\/themen\/kunst-und-kultur\/service-kunst-und-kultur\/publikationen\/kulturpolitische-leitlinien-des-bundes.html\">Fokus Klima<\/a>, Bundesministerium fu\u0308r Kunst, Kultur, \u00f6ffentlichen Dienst und Sport (Hg.), 2024<\/p>\n\n\n\n<p>Katharina Rustler, <em>Wie Protest im Museum funktioniert, zeigt Oliver Ressler im Belvedere 21<\/em>, <a href=\"https:\/\/www.derstandard.at\/story\/3000000209833\/wie-protest-im-museum-funktioniert-zeigt-oliver-ressler-im-belvedere-21\">Der Standard<\/a>, 02.03.2024<\/p>\n\n\n\n<p>Veronika Metzger, <em>Oliver Ressler \u2013 Dog Days Bite Back: Zur Zukunft zur\u00fcckblicken<\/em>, <a href=\"https:\/\/www.artmagazine.cc\/content128530.html\">artmagazine<\/a>, 08.03.2024<\/p>\n\n\n\n<p><em>Kunst zum Klimazusammenbruch: Ausstellung von Oliver Ressler<\/em>, <a href=\"https:\/\/science.apa.at\/power-search\/12342650321047154646\">APA \u2013 Austria Presse Agentur<\/a>, 29.02.2024<\/p>\n\n\n\n<p>Johanna Hofleitner, <em>Umschlagpl\u00e4tze der Vernetzung<\/em>, <a href=\"https:\/\/www.yumpu.com\/de\/embed\/view\/Vny2IxYzL37hG9BK\">Die Presse, Kulturmagazin Mai 2022<\/a>, S. 68-72<\/p>\n\n\n\n<p><em>Videok\u00fcnstler Oliver Ressler \u00fcber Klimaaktivismus: Ich bin ein solidarischer Beobachter<\/em>, <a href=\"https:\/\/www.deutschlandfunkkultur.de\/videokuenstler-oliver-ressler-100.html\">Deutschlandfunk Kultur<\/a>, 02.06.2022<\/p>\n\n\n\n<p>Raimar Stange, <em>Behinderung der Bauf\u00fchrung \u2013 oder der Kunstfreiheit?<\/em>, <a href=\"https:\/\/www.artmagazine.cc\/content117958.html?fbclid=IwAR2ggdtP2af9NSoOR2rU8i3uzCVobhEq_z88Zu7VxrRgkIvx5I6e-TWG1RY#\">artmagazine<\/a>, 23.12.21<\/p>\n\n\n\n<p>Andrea Heinz, <em>Ausstellung im frei_raum Q21: So sieht eine Kunst des Widerstands aus<\/em>, <a href=\"https:\/\/www.derstandard.at\/story\/2000131109163\/ausstellung-im-freiraum-q21-so-sieht-eine-kunst-des-widerstands\">Der Standard<\/a>, 12.11.2021<\/p>\n\n\n\n<p>Elisabeth Hajek, <em>Die kollektive Intelligenz der Selbstorganisation<\/em>, <a href=\"https:\/\/www.mqw.at\/mq-journal\/die-kollektive-intelligenz-der-selbstorganisation\">MQ-Journal<\/a>, 10.11.2021<\/p>\n\n\n\n<p>Walter Seidl, <em>Overground Resistance: Klima auf Verhandlungsbasis<\/em>, <a href=\"https:\/\/www.artmagazine.cc\/content116044.html\">artmagazine<\/a>, 25.10.2021<\/p>\n\n\n\n<p>Raimar Stange, <em>Oliver Ressler \u2013 Barricading the Ice Sheets: Form als Lebensform<\/em>, <a href=\"https:\/\/www.artmagazine.cc\/content116423.html\">artmagazine<\/a>, 20.09.2021<br><br>Christina T\u00f6pfer, <em>Die Fragilit\u00e4t sichtbar machen<\/em>, <a href=\"https:\/\/tagebuch.at\/kultur\/oliver-ressler-die-fragilitaet-sichtbar-machen\/\">Tagebuch<\/a>, No. 4, 2021<br><\/p>\n\n\n\n<div style=\"height:40px\" aria-hidden=\"true\" class=\"wp-block-spacer\"><\/div>\n","protected":false},"excerpt":{"rendered":"<p>Patricia Grzonka, Mein Vertrauen ist erschu\u0308ttert, WOZ Nr. 42, 16.10.2025 Members: Oliver Ressler im Gespr\u00e4ch mit Luisa Ziaja, Secession Podcast, 14.08.2025 Metropolis: Oliver Ressler, Televisi\u00f3n Espa\u00f1ola, January 2025 (deutsche Fassung) Oliver Ressler, Ku\u0308nstler*innen und Klimaaktivismus auf einem u\u0308berhitzten Planeten, in: Fokus Klima, Bundesministerium fu\u0308r Kunst, Kultur, \u00f6ffentlichen Dienst und Sport (eds.), 2024 Ameli M. Klein, [&hellip;]<\/p>\n","protected":false},"author":1,"featured_media":0,"parent":0,"menu_order":0,"comment_status":"closed","ping_status":"closed","template":"","meta":{"_acf_changed":false,"footnotes":""},"class_list":["post-173","page","type-page","status-publish","hentry"],"acf":[],"_links":{"self":[{"href":"https:\/\/www.ressler.at\/de\/wp-json\/wp\/v2\/pages\/173","targetHints":{"allow":["GET"]}}],"collection":[{"href":"https:\/\/www.ressler.at\/de\/wp-json\/wp\/v2\/pages"}],"about":[{"href":"https:\/\/www.ressler.at\/de\/wp-json\/wp\/v2\/types\/page"}],"author":[{"embeddable":true,"href":"https:\/\/www.ressler.at\/de\/wp-json\/wp\/v2\/users\/1"}],"replies":[{"embeddable":true,"href":"https:\/\/www.ressler.at\/de\/wp-json\/wp\/v2\/comments?post=173"}],"version-history":[{"count":10,"href":"https:\/\/www.ressler.at\/de\/wp-json\/wp\/v2\/pages\/173\/revisions"}],"predecessor-version":[{"id":7635,"href":"https:\/\/www.ressler.at\/de\/wp-json\/wp\/v2\/pages\/173\/revisions\/7635"}],"wp:attachment":[{"href":"https:\/\/www.ressler.at\/de\/wp-json\/wp\/v2\/media?parent=173"}],"curies":[{"name":"wp","href":"https:\/\/api.w.org\/{rel}","templated":true}]}}

Auswahl von Texten und Podcasts, die online verfügbar sind:

<p>Patricia Grzonka, <em>Mein Vertrauen ist erschüttert</em>, <a href="https://www.woz.ch/2542/klima-und-demokratie/mein-vertrauen-ist-erschuettert/!V3V1DETSRVWM">WOZ Nr. 42</a>, 16.10.2025<br><br>Members: Oliver Ressler im Gespräch mit Luisa Ziaja, <a href="https://secession.at/en/podcast_oliver_ressler_luisa_ziaja">Secession Podcast</a>, 14.08.2025</p>



<p><em>Metropolis: Oliver Ressler</em>, <a href="https://vimeo.com/1133063015">Televisión Española</a>, January 2025 (deutsche Fassung)<br><br>Oliver Ressler, <em>Künstler*innen und Klimaaktivismus auf einem überhitzten Planeten</em>, in: <a href="https://www.bmwkms.gv.at/themen/kunst-und-kultur/service-kunst-und-kultur/publikationen/kulturpolitische-leitlinien-des-bundes.html">Fokus Klima</a>, Bundesministerium für Kunst, Kultur, öffentlichen Dienst und Sport (eds.), 2024</p>



<p>Ameli M. Klein, <em>Die Klimafrage lässt sich nur gemeinsam mit der sozialen Frage lösen – Gespräch mit Oliver Ressler</em>, in: <a href="https://www.bmwkms.gv.at/themen/kunst-und-kultur/service-kunst-und-kultur/publikationen/kulturpolitische-leitlinien-des-bundes.html">Fokus Klima</a>, Bundesministerium für Kunst, Kultur, öffentlichen Dienst und Sport (Hg.), 2024</p>



<p>Katharina Rustler, <em>Wie Protest im Museum funktioniert, zeigt Oliver Ressler im Belvedere 21</em>, <a href="https://www.derstandard.at/story/3000000209833/wie-protest-im-museum-funktioniert-zeigt-oliver-ressler-im-belvedere-21">Der Standard</a>, 02.03.2024</p>



<p>Veronika Metzger, <em>Oliver Ressler – Dog Days Bite Back: Zur Zukunft zurückblicken</em>, <a href="https://www.artmagazine.cc/content128530.html">artmagazine</a>, 08.03.2024</p>



<p><em>Kunst zum Klimazusammenbruch: Ausstellung von Oliver Ressler</em>, <a href="https://science.apa.at/power-search/12342650321047154646">APA – Austria Presse Agentur</a>, 29.02.2024</p>



<p>Johanna Hofleitner, <em>Umschlagplätze der Vernetzung</em>, <a href="https://www.yumpu.com/de/embed/view/Vny2IxYzL37hG9BK">Die Presse, Kulturmagazin Mai 2022</a>, S. 68-72</p>



<p><em>Videokünstler Oliver Ressler über Klimaaktivismus: Ich bin ein solidarischer Beobachter</em>, <a href="https://www.deutschlandfunkkultur.de/videokuenstler-oliver-ressler-100.html">Deutschlandfunk Kultur</a>, 02.06.2022</p>



<p>Raimar Stange, <em>Behinderung der Bauführung – oder der Kunstfreiheit?</em>, <a href="https://www.artmagazine.cc/content117958.html?fbclid=IwAR2ggdtP2af9NSoOR2rU8i3uzCVobhEq_z88Zu7VxrRgkIvx5I6e-TWG1RY#">artmagazine</a>, 23.12.21</p>



<p>Andrea Heinz, <em>Ausstellung im frei_raum Q21: So sieht eine Kunst des Widerstands aus</em>, <a href="https://www.derstandard.at/story/2000131109163/ausstellung-im-freiraum-q21-so-sieht-eine-kunst-des-widerstands">Der Standard</a>, 12.11.2021</p>



<p>Elisabeth Hajek, <em>Die kollektive Intelligenz der Selbstorganisation</em>, <a href="https://www.mqw.at/mq-journal/die-kollektive-intelligenz-der-selbstorganisation">MQ-Journal</a>, 10.11.2021</p>



<p>Walter Seidl, <em>Overground Resistance: Klima auf Verhandlungsbasis</em>, <a href="https://www.artmagazine.cc/content116044.html">artmagazine</a>, 25.10.2021</p>



<p>Raimar Stange, <em>Oliver Ressler – Barricading the Ice Sheets: Form als Lebensform</em>, <a href="https://www.artmagazine.cc/content116423.html">artmagazine</a>, 20.09.2021<br><br>Christina Töpfer, <em>Die Fragilität sichtbar machen</em>, <a href="https://tagebuch.at/kultur/oliver-ressler-die-fragilitaet-sichtbar-machen/">Tagebuch</a>, No. 4, 2021<br></p>



<div style="height:40px" aria-hidden="true" class="wp-block-spacer"></div>

<p>Patricia Grzonka, Mein Vertrauen ist erschüttert, WOZ Nr. 42, 16.10.2025 Members: Oliver Ressler im Gespräch mit Luisa Ziaja, Secession Podcast, 14.08.2025 Metropolis: Oliver Ressler, Televisión Española, January 2025 (deutsche Fassung) Oliver Ressler, Künstler*innen und Klimaaktivismus auf einem überhitzten Planeten, in: Fokus Klima, Bundesministerium für Kunst, Kultur, öffentlichen Dienst und Sport (eds.), 2024 Ameli M. Klein, [&hellip;]</p>
